
26652100
321111322 (base 4) to base 3
102221012001
Convert -44525131 (base 7) to base 4.
-32231100133
Convert 101523363 (base 7) to base 15.
7ce973
What is 31bc953 (base 13) in base 12?
5108898
107097 (base 15) to base 9
1423237
Convert c243a2 (base 13) to base 11.
2609549
bc2672 (base 13) to base 9
8305161
33322203 (base 4) to base 8
177243
1d3ac (base 14) to base 4
102101030
Convert 64325013 (base 7) to base 8.
24671202
Convert 10131331121 (base 4) to base 5.
244440124
-53455 (base 11) to base 2
-10010111110101110
What is -4053112 (base 7) in base 11?
-300447
-8da9ba (base 14) to base 5
-2214100433
-1544b (base 12) to base 15
-8d5b
What is -115350 (base 7) in base 9?
-31850
What is 203505 (base 13) in base 11?
472563
What is 16b99c (base 16) in base 11?
927a37
What is -286326 (base 9) in base 5?
-21101402
What is 372a (base 13) in base 7?
31525
48394 (base 11) to base 12
343a6
509b04 (base 14) to base 13
7412b3
Convert -1bd7c6 (base 15) to base 16.
-14c7de
-1896e (base 16) to base 2
-11000100101101110
Convert 5032d5 (base 15) to base 7.
44236010
What is -1689ac6 (base 14) in base 16?
-a93ace
What is -6797 (base 12) in base 13?
-52cc
What is -4136 (base 9) in base 7?
-11556
What is 673162 (base 8) in base 10?
226930
Convert 772266 (base 9) to base 10.
460950
Convert 103421204 (base 5) to base 9.
757217
Convert -4103666 (base 8) to base 15.
-165eb3
Convert -126b96 (base 14) to base 3.
-1012011212120
What is -11220310 (base 4) in base 14?
-85b6
What is -46116403 (base 7) in base 14?
-769803
-12100221111 (base 3) to base 12
-51194
5323104 (base 6) to base 12
106494
What is -107c4 (base 15) in base 8?
-146240
-2a4791 (base 15) to base 7
-23225065
Convert -145032545 (base 6) to base 4.
-23211133301
What is -68539b (base 14) in base 15?
-4a1712
What is 10000200101211 (base 3) in base 16?
188839
What is -ea32c (base 16) in base 9?
-1721782
What is -b774 (base 14) in base 8?
-75652
1444b (base 13) to base 12
1a060
What is 13041214 (base 5) in base 4?
133023010
What is -103332102020 (base 4) in base 8?
-23762210
What is -100101011110000001 (base 2) in base 8?
-453601
Convert -123111332 (base 4) to base 13.
-3bc93
What is -44c51 (base 14) in base 6?
-3325235
Convert 10100100000000001 (base 2) to base 6.
1444425
Convert 42069 (base 16) to base 3.
111201222100
What is 1102112212220 (base 3) in base 12?
307159
6ac31 (base 13) to base 4
233231030
Convert -1121010210 (base 3) to base 2.
-111101011011001
-1010000101010000111 (base 2) to base 3
-121210012010
Convert -1223120 (base 7) to base 12.
-76b45
12776820 (base 10) to base 14
19a83c0
Convert 1033430311 (base 5) to base 6.
120111131
-2808a (base 14) to base 8
-301132
818417 (base 9) to base 3
220122110121
What is -1221415 (base 7) in base 4?
-212033020
4ab032 (base 12) to base 16
12a466
What is 23211233112 (base 4) in base 11?
179568a
-4056631 (base 7) to base 8
-1663157
Convert 143300223 (base 5) to base 11.
479639
What is 53ab (base 13) in base 12?
6895
What is 200211202210 (base 3) in base 9?
624683
-201313455 (base 6) to base 7
-41110622
What is 2bc149 (base 13) in base 11?
67aa35
Convert 3014143 (base 9) to base 6.
54213320
-177ca (base 13) to base 8
-130351
Convert -355d4 (base 16) to base 7.
-1600155
3d6182 (base 14) to base 6
113351302
What is -20131011 (base 4) in base 8?
-103505
Convert 12200022121 (base 3) to base 8.
332231
12627 (base 13) to base 15
a11c
302755 (base 11) to base 9
821582
-2430234142 (base 5) to base 4
-111302132311
Convert -1001011001010110110111 (base 2) to base 10.
-2463159
Convert 7c23b8 (base 13) to base 12.
ba1417
Convert -44c57 (base 15) to base 13.
-78775
13024511 (base 6) to base 14
b04d5
-166eba (base 16) to base 2
-101100110111010111010
12825664 (base 9) to base 7
104565001
What is 41401110 (base 6) in base 14?
232706
11100111000011000001 (base 2) to base 13
2719a8
What is 60971 (base 12) in base 6?
2410221
Convert 20100122211012 (base 3) to base 9.
6318735
What is 4c444 (base 14) in base 2?
101101110000101100
Convert 111111000001111 (base 2) to base 10.
32271
What is -26223b (base 16) in base 8?
-11421073
110000010110001100100 (base 2) to base 16
182c64
What is 8a54 (base 14) in base 3?
1012220101
What is 412789 (base 13) in base 14?
2b7a23
Convert -fd255 (base 16) to base 3.
-1221200100011
Convert -89203 (base 10) to base 5.
-10323303
725d0 (base 15) to base 13
c8c85
10010000101100000010001 (base 2) to base 5
2203204022
56e9e (base 15) to base 13
98c18
Convert -9993 (base 15) to base 13.
-11a6c
16497 (base 15) to base 7
416446
5044565 (base 7) to base 14
1186a5
Convert 110203433 (base 5) to base 4.
1310011211
2b3487 (base 15) to base 4
13331131321
What is -5512716 (base 9) in base 13?
-7c8a02
What is -c9b3a (base 14) in base 2?
-1110111000111011000
Convert 150b4 (base 15) to base 5.
4131134
-4654a (base 13) to base 11
-88467
Convert -30032122211 (base 4) to base 8.
-14163245
117bb3 (base 16) to base 12
473097
What is -53371 (base 8) in base 4?
-11123321
What is -1992 (base 16) in base 11?
-4a11
-2101220101002 (base 3) to base 5
-311334410
-31021100203 (base 4) to base 9
-6431661
What is -606625 (base 7) in base 14?
-29885
Convert 182ba (base 13) to base 11.
3203a
Convert -467a47 (base 11) to base 13.
-200033
235aa (base 16) to base 11
99886
Convert -1355050244 (base 6) to base 16.
-ffad74
Convert -5c2b4 (base 13) to base 16.
-296b6
111210011222 (base 3) to base 11
175937
What is -103210002 (base 5) in base 3?
-211120120102
What is -188a292 (base 11) in base 3?
-20000002212221
What is 2dec2 (base 16) in base 12?
90a2a
-113004020 (base 5) to base 16
-7e027
-1a4094 (base 13) to base 11
-415264
What is -22002111212012 (base 3) in base 2?
-10000011010000011000101
Convert -26bc1 (base 13) to base 3.
-10200012112
Convert -12433423 (base 6) to base 10.
-409047
-458a31 (base 16) to base 5
-2131313421
-440142330 (base 5) to base 6
-104152101
What is -30800b8 (base 13) in base 14?
-1d4c638
163500 (base 8) to base 10
59200
-966735 (base 11) to base 7
-16066542
Convert 11bda4 (base 14) to base 8.
2245534
5564775 (base 10) to base 7
65204556
-2a03a (base 13) to base 7
-446506
6b9372 (base 12) to base 16
1a81c6
What is -75000 (base 12) in base 4?
-211203000
Convert -8ceb4 (base 15) to base 12.
-197897
-30635361 (base 9) to base 16
-e0b6ab
What is -15022010 (base 7) in base 5?
-330323113
-b5324 (base 12) to base 16
-39e8c
What is -111202022 (base 3) in base 2?
-10011100101001
30bea9 (base 16) to base 9
6008065
-274678 (base 13) to base 3
-1210101110121
Convert -102bb4 (base 12) to base 6.
-5235544
-312410415 (base 6) to base 14
-a1a2b9
-1561626 (base 9) to base 6
-30331123
What is 1e417 (base 15) in base 9?
160464
What is 48344 (base 11) in base 16?
10ff7
Convert -6cad (base 15) to base 7.
-124246
Convert 12012211021 (base 3) to base 9.
165737
-25b6a (base 15) to base 6
-2330444
-46314601 (base 7) to base 4
-33131320123
What is 758a422 (base 11) in base 8?
62701050
What is -10462 (base 12) in base 3?
-1002100002
What is -8f3a4 (base 16) in base 2?
-10001111001110100100
What is -101001100030 (base 4) in base 2?
-10001000001010000001100
16a30a5 (base 11) to base 3
12102202010020
What is 1230149 (base 10) in base 6?
42211045
121529 (base 10) to base 7
1014212
13310000121 (base 4) to base 6
111521333
Convert 100000000111000000011010 (base 2) to base 16.
80701a
Convert -54535 (base 15) to base 13.
-94b80
-40474 (base 8) to base 5
-1013300
10132322030 (base 4) to base 7
12663116
Convert -1011012220212 (base 3) to base 10.
-614489
-1122361 (base 7) to base 3
-21010020011
-4837a4 (base 14) to base 13
-68569a
What is -1202441 (base 5) in base 6?
-250554
-39754 (base 12) to base 16
-133f0
-b26a35 (base 14) to base 7
-102044565
What is -3001112 (base 11) in base 8?
-24217064
Convert 137783 (base 11) to base 12.
a4679
What is -260b0c3 (base 13) in base 5?
-11021440302
What is -1355454 (base 6) in base 8?
-227632
Convert 14234132 (base 5) to base 15.
2e37c
-101101100111001000010 (base 2) to base 12
-600b16
-fbd2 (base 16) to base 14
-196ca
What is -236ba (base 12) in base 13?
-18904
What is -128c5aa (base 14) in base 16?
-88838a
Convert -349743 (base 10) to base 11.
-219849
-1442401012 (base 5) to base 4
-32301110013
What is 616b4 (base 16) in base 12?
172b04
What is -30411331 (base 5) 